
Evaluate 4 + -1 - (7 - 4 - 5).
5
What is the value of 9 + (0 - 4) - 7?
-2
Calculate -6 + -2 + 4 - -7.
3
Calculate (0 - -1 - 0) + 64 + -69.
-4
What is 65 - 71 - (1 + -10)?
3
Evaluate 2 + 5 + -12 + 5.
0
What is -2 + (2 - 0) + -2 + 4?
2
What is the value of 4 + 0 + -1 + 3 + -3?
3
5 - (-3 + -5 + 5)
8
Evaluate -4 - (0 + -8 - (-10 + 7)).
1
What is the value of -4 - 2 - (6 + (-2 - 5))?
-5
Calculate 1 + -2 + (0 - -7).
6
Evaluate 1 + -2 + 1 + (2 - 4).
-2
What is -13 + 7 + -1 + 10?
3
What is (1 + 13 - 4) + 2 + -6?
6
Evaluate (-1 - -3) + 16 + -18.
0
Evaluate -7 - (-7 - (9 + -15)).
-6
Calculate 12 + -4 + -11 + -4.
-7
Calculate 1 - ((0 + 4 - 4) + -1).
2
-3 - (2 + -2 + -2)
-1
Calculate 3 + -7 - (22 - 28).
2
What is the value of 0 - (-6 - (9 + -7))?
8
What is -3 - (3 - (-4 - -5))?
-5
Evaluate 3 - (-2 - -6) - 1.
-2
What is 0 + 8 + -4 - (3 + 2)?
-1
(-2 - -3) + -2 - (7 - 13)
5
What is (0 - -1 - 0) + 4?
5
Evaluate 6 - 1 - -1 - 7.
-1
Calculate 3 + -6 + -4 + 8.
1
What is 4 + -5 + 4 + -1?
2
What is the value of -7 + (6 + (7 - 4) - 4)?
-2
What is the value of 0 - 4 - (-2 - 2) - 7?
-7
What is -4 + 6 + -3 + -4?
-5
What is the value of (0 - 4) + (-11 - -12)?
-3
Evaluate -17 - 0 - (60 - 71).
-6
Evaluate 7 + -1 - (-15 + 19 + -2).
4
What is 8 + -12 + (-3 - 3)?
-10
-3 - -5 - 7 - -2
-3
Calculate -4 + (-10 + 3 - -6).
-5
What is the value of (-2 - 1) + (-14 - -15)?
-2
1 + -19 + 11 + 9
2
Evaluate -4 + 1 - (1 - (-6 - -10)).
0
(4 - 4 - -7) + -7
0
What is 3 - (-4 + 2 + 1)?
4
Calculate 4 - (3 + (-1 + -7 - -2)).
7
Evaluate 0 + 6 + 9 + -5.
10
What is the value of (-4 - -2) + 9 - (-3 + 7)?
3
What is the value of 2 + (-6 - -3 - -2)?
1
Evaluate 1 - (-1 + 2 - (14 + -16)).
-2
What is (15 - 7) + (-4 - 0)?
4
Evaluate 0 + 7 + -7 + (1 - 0).
1
What is the value of 2 - (-1 + 8 - 5)?
0
Calculate 0 - (-7 + -7 + 10).
4
What is 28 + -31 + 2 + -2?
-3
Calculate (-3 - -6) + 3 + (-11 - -7).
2
Calculate 4 + (-7 - -6) + -6 - 5.
-8
Evaluate 5 - (4 + 7) - (-3 + -5).
2
(12 - 14) + (1 - -1)
0
5 + (-1 - 0) - (2 - -3)
-1
-9 + 2 + -25 + 34
2
What is the value of -7 - (0 - -3 - 4) - -3?
-3
-6 - (-15 - (0 - 4))
5
Evaluate 1 + -2 + (12 - (4 + 2)).
5
What is the value of (-3 - -3) + (-1 + 0 - -2)?
1
(0 - -14) + -29 - -13
-2
Evaluate 6 - (-1 - (-2 + -1 - -1)).
5
Evaluate (2 - (10 - (-3 - -8))) + 4.
1
Evaluate (-6 - 3) + (-2 - -7).
-4
What is -1 + 1 + (-16 - (15 - 27))?
-4
What is the value of -1 - (-8 - -5) - 5 - -4?
1
Calculate (9 - 1) + (60 - 77).
-9
What is -4 + (3 + -1 - -6)?
4
0 + 2 + (-44 - -47) - -1
6
What is the value of 5 + (-10 - (-6 - -1))?
0
Calculate 10 - (-12 + (10 - -18)).
-6
Evaluate -1 + 4 - 7 - 2.
-6
Calculate -6 + 19 - 2 - 6.
5
What is the value of 5 - (-1 + 3 + 2)?
1
What is the value of 1 + (-8 - -4) + 4?
1
Calculate 2 + (-5 - -5) + -1.
1
7 - (-1 - ((-2 - -1) + -5))
2
What is 6 + (-9 - -2) + 6?
5
Evaluate 2 - (17 + -11 - 5).
1
-2 + -5 + 0 - -6
-1
What is -1 - ((4 - 3) + -3)?
1
What is the value of -8 + 9 + -14 - -7?
-6
Evaluate -1 + 0 - (8 - (-3 + 7)).
-5
Calculate 3 + -10 + -13 + (0 - -23).
3
Evaluate (-3 + -2 - -5) + -2.
-2
2 - 3 - (8 + -20 + 12)
-1
What is the value of 0 + 2 + -2 + -1 + -2?
-3
Calculate (-8 + 1 + 3 - -5) + 3.
4
What is -1 + -1 + 0 - 2?
-4
What is 2 - -1 - (3 + 1 + -2)?
1
What is the value of 3 + -2 + -1 + -2 + 4?
2
(3 - (-4 - -7 - 2)) + -4
-2
Calculate -2 + (-6 - -3 - -8).
3
1 + (0 - -1) + -5 + 4
1
Calculate -18 - (0 + 2 - 13).
-7
Evaluate -12 + 4 + 2 + 6.
0
Evaluate -2 - (0 + (4 - 1)).
-5
What is the value of -7 + -13 + 8 + 7?
-5
What is the value of 11 + -5 + -2 - 0?
4
4 - (2 + (2 - (3 + -8)))
-5
What is the value of 1 - 2 - (1 + -2 - 4)?
4
Calculate -2 + 1 + (-34 - -30).
-5
Calculate -4 + 5 + (3 - 9) + 4.
-1
Evaluate (5 + -5 - 5) + 0 + 4.
-1
-6 - (-9 + 5 + 1)
-3
What is the value of 0 + 0 - (29 - 29)?
0
What is (-14 - -10) + 8 + (0 - 0)?
4
Calculate (-7 + 5 - -3) + -6.
-5
3 + (4 - ((3 - 1) + 1))
4
Calculate 6 + -8 - -5 - 9.
-6
Evaluate 4 - (6 - -1) - (0 - 0).
-3
Calculate (-4 - -1) + (0 - -7) + -4.
0
What is 8 + -8 + -1 + -4 + 4?
-1
Calculate 0 + 3 + -1 + -7 - -6.
1
What is (0 - (-8 - -3)) + -2?
3
What is the value of 5 - (13 + (-5 - -6 - 4))?
-5
(-2 - -1) + 10 + -15
-6
What is the value of -5 + 14 + -5 - -3 - 5?
2
-1 + (3 - (6 - 2))
-2
What is the value of 0 - (-4 + (2 - -1))?
1
What is the value of -1 + (3 - 7 - -3) + 0?
-2
Evaluate 2 - 0 - -11 - (-48 - -55).
6
What is (-1 - 7) + (2 - 0) + 1?
-5
What is (7 - 5 - 1) + 4?
5
What is 1 + (7 + -4 - 8)?
-4
Calculate -3 + -11 + (-46 - -57).
-3
What is 4 + 5 + 0 + -11?
-2
What is the value of (3 - 2) + (14 - 16)?
-1
Evaluate (-2 - 1) + 0 + 3 + -5.
-5
Calculate 0 + (-2 + 6 - (11 + -2)).
-5
Evaluate 1 - 2 - (-54 - -49).
4
Calculate 4 + (1 + 2 - 8).
-1
Calculate -9 + -1 + 2 + 3 + 0.
-5
Calculate (-1 - (-7 - 0)) + (-253 - -242).
-5
-8 + 18 + (1 - 9)
2
What is -13 - -9 - (2 + -11)?
5
(11 - 6) + -10 + 3
-2
What is the value of (3 - 7) + 1 + 2 + -5?
-6
What is -3 - (-2 - 1 - (-3 + 2))?
-1
Calculate 0 - (2 + 2 + -1).
-3
Calculate (1 - 11) + (8 - 3).
-5
What is 2 - -4 - (8 - 5)?
3
What is the value of (-7 - -3) + -1 - -7?
2
What is (-1 - -3) + 8 + -13?
-3
6 - 9 - (3 + -2 + -3)
-1
Calculate 1 - -1 - -4 - 3.
3
What is the value of -4 - 0 - (-6 - 0)?
2
What is 4 + -4 + -5 - (3 + -5)?
-3
What is -9 + -6 + 7 - -12?
4
Evaluate 1 - 0 - (2 + -3).
2
What is 9 + (6 - (-14 - -26))?
3
Evaluate 18 + (-2 - -14 - 25).
5
What is the value of 0 + -3 + (0 - 1 - -9)?
5
What is (9 + -5 - 1) + 0 + -3?
0
What is the value of 3 - 4 - (-6 - (-3 + -3))?
-1
6 + -1 - (5 + -3 + 1)
2
What is the value of -1 + -13 + 3 - -12?
1
What is -11 - -2 - (-2 - 4)?
-3
-2 - (-4 + 3 + 4)
-5
Calculate (5 - (3 - 1)) + -3.
0
-18 + 20 - (4 - 0) - 0
-2
What is the value of -3 - (-2 + 1 + -1)?
-1
What is -1 + 4 + (-11 - -6)?
-2
Evaluate -2 + 6 - (21 + -19).
2
(-4 - (3 - 3)) + 1
-3
Calculate 1 - (29 - 39 - (-6 + 1)).
6
Calculate -3 - (-2 + 2 + -2 - 5).
4
What is the value of -6 + (-7 - -8 - 1) - -6?
0
Calculate 8 + -15 + -1 + (12 - 2).
2
2 - (1 + 1) - 3
-3
What is 13 + -23 - (-4 + -1)?
-5
What is (-4 - 1) + 26 + -20?
1
Calculate (-3 - 10) + (0 - -5).
-8
What is (16 - 11 - (-3 - -1)) + -5?
2
Evaluate 2 + 4 + (-2 - (-3 - -6)).
1
What is the value of -16 + 10 - (3 - (4 - -1))?
-4
Calculate (-1 - (1 - 1 - -1)) + 2.
0
What is the value of -2 + -4 + (3 - 2)?
-5
1 + -3 + (9 - 5) + 4
6
Evaluate (-1 - 0) + (-4 - -3 - -3).
1
(1 - 0) + (-2 - 6) + 4
-3
(0 + -4 - -7) + -4
-1
Calculate -5 - -8 - ((1 - 1) + 5).
-2
What is (2 - 4) + (-2 - -1 - -1)?
-2
Evaluate 11 - (1 + 3 - -6).
1
Evaluate 3 - (7 - (0 - -4)).
0
What is the value of -61 + 73 - (9 - -2)?
1
Evaluate 2 + 0 + 0 + -7.
-5
-5 + 10 + -4 - (-2 - 0)
3
What is 0 + 3 - -10 - (0 + 6)?
7
Evaluate -8 - -7 - -5 - 4.
0
What is -4 - -2 - 2 - (-4 - -1)?
-1
What is (3 - -2 - 3) + -5?
-3
Evaluate 10 - ((-3 - 1) + 11).
3
Evaluate (6 - 2) + (-7 - 5 - -6).
-2
What is 16 + -9 - 10 - -4?
1
What is the value of (-1 - (-3 + -5 + 6)) + -8?
-7
5 + -20 + 4 + 3 + 4
-4
What is (-5 - (2 + -12)) + -11?
-6
-16 + 29 - (2 + 8)
3
What is the value of -1 + 4 + -5 + 10?
8
Evaluate -3 + (2 + -4 - (-5 - 3)).
3
Calculate 2 - (-4 - (-3 - (0 + -1))).
4
5 + (-15 - -7) + -1 + 7
3
What is -4 - (-2 - -2) - -2?
-2
Calculate 6 - (2 - ((1 - -2) + -2)).
5
Evaluate 3 - (-3 - -8 - 2).
0
What is -1 + 0 + -3 - (-1 + 2)?
-5
-7 + -1 + -4 + 2 + 5
-5
What is (3 - 13) + (0 + -2 - -7)?
-5
Calculate 4 - (3 - (-7 + 2)).
-4
What is the value of 2 + 0 + (-3 - -7) + -6?
0
Evaluate -2 + 1 + -10 + 19 + -1.
7
What is the value of (14 + -26 - -17) + (-7 - -1)?
-1
Evaluate 5 + 0 + (-1 - -4) + -8.
0
Evaluate 5 - 3 - (0 - -2) - 2.
-2
Calculate (-4 - -1 - -6 - 3) + 5.
5
What is -2 - (-2 + -1 + -1)?
2
What is the value of (1 + -7 - -3) + -1?
-4
Evaluate 3 - -2 - (-10 + 10).
5
What is the value of 17 + -29 - ((-4 - -3) + 0)?
-11
What is -2 + (6 + -4 - -1)?
1
What is the value of 2 + (1 - (-1 + 8))?
-4
Calculate -3 + (2 - -3) - (2 + -3).
3
Calculate -11 + -5 + 5 + 20.
9
-3 + -1 - -10 - 5
1
What is 9 + (-10 - 0) - -7?
6
Evaluate 3 - (-4 - -3) - 0.
4
What is the value of -5 + 4 + -2 - -4?
1
What is (-13 - -6) + 3 + -2 + 3?
-3
Evaluate 5 - ((1 - 3) + -14 + 17).
4
What is the value of (5 - 1 - -1) + (-510 - -497)?
-8
What is the value of 1 + 5 + -4 + -2?
0
Evaluate -1 - (-4 + 1 - -1).
1
What is the value of (-1